{"id":1461,"date":"2016-06-11T07:11:46","date_gmt":"2016-06-11T07:11:46","guid":{"rendered":"http:\/\/bearndesgaves.fr\/voixdelabastidedenavarrenx\/?page_id=1461"},"modified":"2017-12-20T16:27:58","modified_gmt":"2017-12-20T16:27:58","slug":"viellesegure-0616","status":"publish","type":"page","link":"http:\/\/bearndesgaves.fr\/voixdelabastidedenavarrenx\/photos\/viellesegure-0616\/","title":{"rendered":"Vielles\u00e9gure Juin 2016"},"content":{"rendered":"<p style=\"text-align: center\">\u00ab\u00a0Les voix de la Bastide\u00a0\u00bb de Navarrenx en premi\u00e8re partie<\/p>\n<p><a href=\"http:\/\/bearndesgaves.fr\/voixdelabastidedenavarrenx\/files\/2016\/06\/JAN_0842-1.jpg\"><img loading=\"lazy\" decoding=\"async\" class=\"alignnone wp-image-1472\" src=\"http:\/\/bearndesgaves.fr\/voixdelabastidedenavarrenx\/files\/2016\/06\/JAN_0842-1-300x200.jpg\" alt=\"JAN_0842\" width=\"281\" height=\"187\" srcset=\"http:\/\/bearndesgaves.fr\/voixdelabastidedenavarrenx\/files\/2016\/06\/JAN_0842-1-300x200.jpg 300w, http:\/\/bearndesgaves.fr\/voixdelabastidedenavarrenx\/files\/2016\/06\/JAN_0842-1-768x513.jpg 768w, http:\/\/bearndesgaves.fr\/voixdelabastidedenavarrenx\/files\/2016\/06\/JAN_0842-1.jpg 1024w\" sizes=\"auto, (max-width: 281px) 100vw, 281px\" \/><\/a><a href=\"http:\/\/bearndesgaves.fr\/voixdelabastidedenavarrenx\/files\/2016\/06\/JAN_0843.jpg\"><img loading=\"lazy\" decoding=\"async\" class=\"alignnone wp-image-1468\" src=\"http:\/\/bearndesgaves.fr\/voixdelabastidedenavarrenx\/files\/2016\/06\/JAN_0843-300x200.jpg\" alt=\"JAN_0843\" width=\"282\" height=\"188\" srcset=\"http:\/\/bearndesgaves.fr\/voixdelabastidedenavarrenx\/files\/2016\/06\/JAN_0843-300x200.jpg 300w, http:\/\/bearndesgaves.fr\/voixdelabastidedenavarrenx\/files\/2016\/06\/JAN_0843-768x512.jpg 768w, http:\/\/bearndesgaves.fr\/voixdelabastidedenavarrenx\/files\/2016\/06\/JAN_0843.jpg 1024w\" sizes=\"auto, (max-width: 282px) 100vw, 282px\" \/><\/a><a href=\"http:\/\/bearndesgaves.fr\/voixdelabastidedenavarrenx\/files\/2016\/06\/JAN_0877-Copie.jpg\"><img loading=\"lazy\" decoding=\"async\" class=\"alignnone wp-image-1465\" src=\"http:\/\/bearndesgaves.fr\/voixdelabastidedenavarrenx\/files\/2016\/06\/JAN_0877-Copie-300x200.jpg\" alt=\"JAN_0877 - Copie\" width=\"280\" height=\"186\" srcset=\"http:\/\/bearndesgaves.fr\/voixdelabastidedenavarrenx\/files\/2016\/06\/JAN_0877-Copie-300x200.jpg 300w, http:\/\/bearndesgaves.fr\/voixdelabastidedenavarrenx\/files\/2016\/06\/JAN_0877-Copie-768x513.jpg 768w, http:\/\/bearndesgaves.fr\/voixdelabastidedenavarrenx\/files\/2016\/06\/JAN_0877-Copie.jpg 1024w\" sizes=\"auto, (max-width: 280px) 100vw, 280px\" \/><\/a><a href=\"http:\/\/bearndesgaves.fr\/voixdelabastidedenavarrenx\/files\/2016\/06\/JAN_0878.jpg\"><img loading=\"lazy\" decoding=\"async\" class=\"alignnone wp-image-1464\" src=\"http:\/\/bearndesgaves.fr\/voixdelabastidedenavarrenx\/files\/2016\/06\/JAN_0878-300x200.jpg\" alt=\"JAN_0878\" width=\"281\" height=\"187\" srcset=\"http:\/\/bearndesgaves.fr\/voixdelabastidedenavarrenx\/files\/2016\/06\/JAN_0878-300x200.jpg 300w, http:\/\/bearndesgaves.fr\/voixdelabastidedenavarrenx\/files\/2016\/06\/JAN_0878-768x512.jpg 768w, http:\/\/bearndesgaves.fr\/voixdelabastidedenavarrenx\/files\/2016\/06\/JAN_0878.jpg 1024w\" sizes=\"auto, (max-width: 281px) 100vw, 281px\" \/><\/a><\/p>\n<p style=\"text-align: center\">Puis \u00ab\u00a0Ecoute si il pleut\u00a0\u00bb de Villeneuve St-Georges (Tarn)<\/p>\n<p><a href=\"http:\/\/bearndesgaves.fr\/voixdelabastidedenavarrenx\/files\/2016\/06\/JAN_0957.jpg\"><img loading=\"lazy\" decoding=\"async\" class=\"alignnone wp-image-1466\" src=\"http:\/\/bearndesgaves.fr\/voixdelabastidedenavarrenx\/files\/2016\/06\/JAN_0957-300x200.jpg\" alt=\"JAN_0957\" width=\"277\" height=\"184\" srcset=\"http:\/\/bearndesgaves.fr\/voixdelabastidedenavarrenx\/files\/2016\/06\/JAN_0957-300x200.jpg 300w, http:\/\/bearndesgaves.fr\/voixdelabastidedenavarrenx\/files\/2016\/06\/JAN_0957-768x513.jpg 768w, http:\/\/bearndesgaves.fr\/voixdelabastidedenavarrenx\/files\/2016\/06\/JAN_0957.jpg 1024w\" sizes=\"auto, (max-width: 277px) 100vw, 277px\" \/><\/a><a href=\"http:\/\/bearndesgaves.fr\/voixdelabastidedenavarrenx\/files\/2016\/06\/JAN_0961.jpg\"><img loading=\"lazy\" decoding=\"async\" class=\"alignnone wp-image-1463\" src=\"http:\/\/bearndesgaves.fr\/voixdelabastidedenavarrenx\/files\/2016\/06\/JAN_0961-300x200.jpg\" alt=\"JAN_0961\" width=\"276\" height=\"184\" srcset=\"http:\/\/bearndesgaves.fr\/voixdelabastidedenavarrenx\/files\/2016\/06\/JAN_0961-300x200.jpg 300w, http:\/\/bearndesgaves.fr\/voixdelabastidedenavarrenx\/files\/2016\/06\/JAN_0961-768x512.jpg 768w, http:\/\/bearndesgaves.fr\/voixdelabastidedenavarrenx\/files\/2016\/06\/JAN_0961.jpg 1024w\" sizes=\"auto, (max-width: 276px) 100vw, 276px\" \/><\/a><a href=\"http:\/\/bearndesgaves.fr\/voixdelabastidedenavarrenx\/files\/2016\/06\/JAN_0977.jpg\"><img loading=\"lazy\" decoding=\"async\" class=\"alignnone wp-image-1470\" src=\"http:\/\/bearndesgaves.fr\/voixdelabastidedenavarrenx\/files\/2016\/06\/JAN_0977-300x188.jpg\" alt=\"JAN_0977\" width=\"283\" height=\"177\" srcset=\"http:\/\/bearndesgaves.fr\/voixdelabastidedenavarrenx\/files\/2016\/06\/JAN_0977-300x188.jpg 300w, http:\/\/bearndesgaves.fr\/voixdelabastidedenavarrenx\/files\/2016\/06\/JAN_0977-768x480.jpg 768w, http:\/\/bearndesgaves.fr\/voixdelabastidedenavarrenx\/files\/2016\/06\/JAN_0977.jpg 1024w\" sizes=\"auto, (max-width: 283px) 100vw, 283px\" \/><\/a><a href=\"http:\/\/bearndesgaves.fr\/voixdelabastidedenavarrenx\/files\/2016\/06\/JAN_0976.jpg\"><img loading=\"lazy\" decoding=\"async\" class=\"alignnone wp-image-1473\" src=\"http:\/\/bearndesgaves.fr\/voixdelabastidedenavarrenx\/files\/2016\/06\/JAN_0976-300x200.jpg\" alt=\"JAN_0976\" width=\"269\" height=\"179\" srcset=\"http:\/\/bearndesgaves.fr\/voixdelabastidedenavarrenx\/files\/2016\/06\/JAN_0976-300x200.jpg 300w, http:\/\/bearndesgaves.fr\/voixdelabastidedenavarrenx\/files\/2016\/06\/JAN_0976-768x512.jpg 768w, http:\/\/bearndesgaves.fr\/voixdelabastidedenavarrenx\/files\/2016\/06\/JAN_0976.jpg 1024w\" sizes=\"auto, (max-width: 269px) 100vw, 269px\" \/><\/a><a href=\"http:\/\/bearndesgaves.fr\/voixdelabastidedenavarrenx\/files\/2016\/06\/JAN_0981.jpg\"><img loading=\"lazy\" decoding=\"async\" class=\"alignnone wp-image-1469\" src=\"http:\/\/bearndesgaves.fr\/voixdelabastidedenavarrenx\/files\/2016\/06\/JAN_0981-300x200.jpg\" alt=\"JAN_0981\" width=\"277\" height=\"185\" srcset=\"http:\/\/bearndesgaves.fr\/voixdelabastidedenavarrenx\/files\/2016\/06\/JAN_0981-300x200.jpg 300w, http:\/\/bearndesgaves.fr\/voixdelabastidedenavarrenx\/files\/2016\/06\/JAN_0981-768x512.jpg 768w, http:\/\/bearndesgaves.fr\/voixdelabastidedenavarrenx\/files\/2016\/06\/JAN_0981.jpg 1024w\" sizes=\"auto, (max-width: 277px) 100vw, 277px\" \/><img loading=\"lazy\" decoding=\"async\" class=\"alignnone wp-image-1467\" src=\"http:\/\/bearndesgaves.fr\/voixdelabastidedenavarrenx\/files\/2016\/06\/JAN_0979-300x200.jpg\" alt=\"JAN_0979\" width=\"275\" height=\"183\" srcset=\"http:\/\/bearndesgaves.fr\/voixdelabastidedenavarrenx\/files\/2016\/06\/JAN_0979-300x200.jpg 300w, http:\/\/bearndesgaves.fr\/voixdelabastidedenavarrenx\/files\/2016\/06\/JAN_0979-768x512.jpg 768w, http:\/\/bearndesgaves.fr\/voixdelabastidedenavarrenx\/files\/2016\/06\/JAN_0979.jpg 1024w\" sizes=\"auto, (max-width: 275px) 100vw, 275px\" \/><\/a><\/p>\n<p style=\"text-align: center\"><span style=\"font-size: 10pt;font-family: impact,sans-serif\"><span style=\"font-family: times new roman,times,serif;font-size: 14pt\">\u00ab\u00a0Les Voix de la Bastide\u00a0\u00bb et \u00ab\u00a0Ecoute si il pleut\u00a0\u00bb pour le final !<\/span><strong><br \/>\n<\/strong><\/span><\/p>\n","protected":false},"excerpt":{"rendered":"<p>\u00ab\u00a0Les voix de la Bastide\u00a0\u00bb de Navarrenx en premi\u00e8re partie Puis \u00ab\u00a0Ecoute si il pleut\u00a0\u00bb de Villeneuve St-Georges (Tarn) \u00ab\u00a0Les Voix de la Bastide\u00a0\u00bb et \u00ab\u00a0Ecoute si il pleut\u00a0\u00bb pour le final !<\/p>\n","protected":false},"author":37,"featured_media":0,"parent":456,"menu_order":8,"comment_status":"closed","ping_status":"closed","template":"","meta":{"ngg_post_thumbnail":0,"footnotes":""},"class_list":["post-1461","page","type-page","status-publish","hentry"],"yoast_head":"<!-- This site is optimized with the Yoast SEO plugin v15.6.2 - https:\/\/yoast.com\/wordpress\/plugins\/seo\/ -->\n<title>Vielles\u00e9gure Juin 2016 - Voix de la Bastide de Navarrenx \u00e9dit\u00e9 par la CCCN chez 1&amp;1<\/title>\n<meta name=\"robots\" content=\"index, follow, max-snippet:-1, max-image-preview:large, max-video-preview:-1\" \/>\n<link rel=\"canonical\" href=\"http:\/\/bearndesgaves.fr\/voixdelabastidedenavarrenx\/photos\/viellesegure-0616\/\" \/>\n<meta property=\"og:locale\" content=\"fr_FR\" \/>\n<meta property=\"og:type\" content=\"article\" \/>\n<meta property=\"og:title\" content=\"Vielles\u00e9gure Juin 2016 - Voix de la Bastide de Navarrenx \u00e9dit\u00e9 par la CCCN chez 1&amp;1\" \/>\n<meta property=\"og:description\" content=\"\u00ab\u00a0Les voix de la Bastide\u00a0\u00bb de Navarrenx en premi\u00e8re partie Puis \u00ab\u00a0Ecoute si il pleut\u00a0\u00bb de Villeneuve St-Georges (Tarn) \u00ab\u00a0Les Voix de la Bastide\u00a0\u00bb et \u00ab\u00a0Ecoute si il pleut\u00a0\u00bb pour le final !\" \/>\n<meta property=\"og:url\" content=\"http:\/\/bearndesgaves.fr\/voixdelabastidedenavarrenx\/photos\/viellesegure-0616\/\" \/>\n<meta property=\"og:site_name\" content=\"Voix de la Bastide de Navarrenx \u00e9dit\u00e9 par la CCCN chez 1&amp;1\" \/>\n<meta property=\"article:modified_time\" content=\"2017-12-20T16:27:58+00:00\" \/>\n<meta property=\"og:image\" content=\"http:\/\/bearndesgaves.fr\/voixdelabastidedenavarrenx\/files\/2016\/06\/JAN_0842-1-300x200.jpg\" \/>\n<script type=\"application\/ld+json\" class=\"yoast-schema-graph\">{\"@context\":\"https:\/\/schema.org\",\"@graph\":[{\"@type\":\"WebSite\",\"@id\":\"http:\/\/bearndesgaves.fr\/voixdelabastidedenavarrenx\/#website\",\"url\":\"http:\/\/bearndesgaves.fr\/voixdelabastidedenavarrenx\/\",\"name\":\"Voix de la Bastide de Navarrenx \\u00e9dit\\u00e9 par la CCCN chez 1&amp;1\",\"description\":\"\",\"potentialAction\":[{\"@type\":\"SearchAction\",\"target\":\"http:\/\/bearndesgaves.fr\/voixdelabastidedenavarrenx\/?s={search_term_string}\",\"query-input\":\"required name=search_term_string\"}],\"inLanguage\":\"fr-FR\"},{\"@type\":\"ImageObject\",\"@id\":\"http:\/\/bearndesgaves.fr\/voixdelabastidedenavarrenx\/photos\/viellesegure-0616\/#primaryimage\",\"inLanguage\":\"fr-FR\",\"url\":\"http:\/\/bearndesgaves.fr\/voixdelabastidedenavarrenx\/files\/2016\/06\/JAN_0842-1.jpg\",\"width\":1024,\"height\":684},{\"@type\":\"WebPage\",\"@id\":\"http:\/\/bearndesgaves.fr\/voixdelabastidedenavarrenx\/photos\/viellesegure-0616\/#webpage\",\"url\":\"http:\/\/bearndesgaves.fr\/voixdelabastidedenavarrenx\/photos\/viellesegure-0616\/\",\"name\":\"Vielles\\u00e9gure Juin 2016 - Voix de la Bastide de Navarrenx \\u00e9dit\\u00e9 par la CCCN chez 1&amp;1\",\"isPartOf\":{\"@id\":\"http:\/\/bearndesgaves.fr\/voixdelabastidedenavarrenx\/#website\"},\"primaryImageOfPage\":{\"@id\":\"http:\/\/bearndesgaves.fr\/voixdelabastidedenavarrenx\/photos\/viellesegure-0616\/#primaryimage\"},\"datePublished\":\"2016-06-11T07:11:46+00:00\",\"dateModified\":\"2017-12-20T16:27:58+00:00\",\"inLanguage\":\"fr-FR\",\"potentialAction\":[{\"@type\":\"ReadAction\",\"target\":[\"http:\/\/bearndesgaves.fr\/voixdelabastidedenavarrenx\/photos\/viellesegure-0616\/\"]}]}]}<\/script>\n<!-- \/ Yoast SEO plugin. -->","_links":{"self":[{"href":"http:\/\/bearndesgaves.fr\/voixdelabastidedenavarrenx\/wp-json\/wp\/v2\/pages\/1461","targetHints":{"allow":["GET"]}}],"collection":[{"href":"http:\/\/bearndesgaves.fr\/voixdelabastidedenavarrenx\/wp-json\/wp\/v2\/pages"}],"about":[{"href":"http:\/\/bearndesgaves.fr\/voixdelabastidedenavarrenx\/wp-json\/wp\/v2\/types\/page"}],"author":[{"embeddable":true,"href":"http:\/\/bearndesgaves.fr\/voixdelabastidedenavarrenx\/wp-json\/wp\/v2\/users\/37"}],"replies":[{"embeddable":true,"href":"http:\/\/bearndesgaves.fr\/voixdelabastidedenavarrenx\/wp-json\/wp\/v2\/comments?post=1461"}],"version-history":[{"count":8,"href":"http:\/\/bearndesgaves.fr\/voixdelabastidedenavarrenx\/wp-json\/wp\/v2\/pages\/1461\/revisions"}],"predecessor-version":[{"id":1500,"href":"http:\/\/bearndesgaves.fr\/voixdelabastidedenavarrenx\/wp-json\/wp\/v2\/pages\/1461\/revisions\/1500"}],"up":[{"embeddable":true,"href":"http:\/\/bearndesgaves.fr\/voixdelabastidedenavarrenx\/wp-json\/wp\/v2\/pages\/456"}],"wp:attachment":[{"href":"http:\/\/bearndesgaves.fr\/voixdelabastidedenavarrenx\/wp-json\/wp\/v2\/media?parent=1461"}],"curies":[{"name":"wp","href":"https:\/\/api.w.org\/{rel}","templated":true}]}}