{"id":454,"date":"2011-11-12T11:01:54","date_gmt":"2011-11-12T11:01:54","guid":{"rendered":"http:\/\/bearndesgaves.fr\/choeursaintgermain\/?page_id=2"},"modified":"2021-11-09T15:52:20","modified_gmt":"2021-11-09T15:52:20","slug":"a-propos","status":"publish","type":"page","link":"http:\/\/bearndesgaves.fr\/voixdelabastidedenavarrenx\/","title":{"rendered":"Pr\u00e9sentation"},"content":{"rendered":"<h4 style=\"text-align: justify\">\u00ab\u00a0<strong>Les Voix de la Bastide de Navarrenx\u00a0\u00bb<\/strong><strong><br><\/strong><span style=\"font-family: arial,helvetica,sans-serif;font-size: 10pt\">Lieu de travail et de recherche sur la voix et de l&rsquo;harmonie des sons entre les personnes.<\/span><br><span style=\"font-family: arial,helvetica,sans-serif;font-size: 10pt\"> Lieu de convivialit\u00e9 et de travail en commun ponctu\u00e9 de tr\u00e8s bons moments.<\/span><\/h4>\n<div>\n<div class=\"entry-content\">\n<p><span style=\"font-family: Times New Roman,serif;font-size: 10pt\"><strong><span style=\"color: #000000\"><span style=\"font-family: Arial,sans-serif\"><u>Les r\u00e9p\u00e9titions<\/u>:<\/span><\/span><\/strong><strong><span style=\"color: #000000\"><span style=\"font-family: Arial,sans-serif\"> ont lieu tous les <span style=\"text-decoration: underline;font-size: 12pt\">Jeudis de 19h \u00e0 21h<\/span>&nbsp; \u00e0 l&rsquo;\u00e9tage de la mairie avec une vingtaine de choristes.<\/span><\/span><\/strong><\/span><\/p>\n<p><span style=\"font-size: 10pt\"><strong><span style=\"font-family: arial,helvetica,sans-serif\"><span style=\"text-decoration: underline\">Reprise des r\u00e9p\u00e9titions<\/span>:<span style=\"font-size: 12pt\"> Jeudi 4 Novembre<\/span><span style=\"text-decoration: underline;font-size: 12pt\"> 2021<\/span> en Mairie de Navarrenx .<br><\/span><\/strong><\/span><\/p>\n<div>&nbsp;<span style=\"font-size: 12px\"><span style=\"font-family: arial\"><span style=\"font-family: arial\"><span style=\"font-size: 12px\"><span style=\"font-family: arial\"><span style=\"font-family: arial\"><span style=\"text-decoration: underline\"><span style=\"font-size: 14px\"><strong>R\u00e9pertoire :<\/strong><\/span><\/span><\/span><span style=\"font-family: arial,helvetica,sans-serif;font-size: 10pt\"> chants sacr\u00e9s et profanes mettant en valeur le r\u00e9pertoire musical de diff\u00e9rents pays.<\/span><\/span><\/span><\/span><\/span><\/span><\/div>\n<div>&nbsp;<\/div>\n<div><span style=\"font-size: 12px\"><span style=\"font-family: arial\"><span style=\"font-family: arial\"><span style=\"text-decoration: underline\"><span style=\"font-size: 14px\"><strong>Ch\u0153ur mixte- quatre pupitres : <\/strong><\/span><\/span><span style=\"font-family: arial,helvetica,sans-serif;font-size: 10pt\">soprano, alto, t\u00e9nor et basse.<\/span><\/span><\/span><\/span><\/div>\n<div><span style=\"font-family: arial,helvetica,sans-serif\"><span style=\"font-size: 14px\"><span style=\"text-decoration: underline\"><strong>Notre chef :<\/strong><\/span> <span style=\"font-size: 12pt\">Jacky Rastoul<\/span><br><\/span><\/span><\/div>\n<div style=\"text-align: justify\">&nbsp;<span style=\"font-family: arial,helvetica,sans-serif\"><span style=\"font-size: 14px\"><br>\u00ab\u00a0<span style=\"font-size: 12pt\">Les Voix de la Bastide de Navarrenx\u00a0\u00bb est la nouvelle d\u00e9nomination du \u00ab\u00a0Ch\u0153ur St Germain de Navarrenx\u00a0\u00bb cr\u00e9\u00e9 en 1936 et plac\u00e9 en 1979 sous la direction musicale de Maurice Sarrat jusqu&rsquo;en d\u00e9cembre 2008.<\/span><\/span><\/span><\/div>\n<div style=\"text-align: justify\">\n<p><span style=\"font-size: 12pt\"><span style=\"color: #000000\"><span style=\"font-family: Arial,sans-serif\">En janvier 2009 la direction fut reprise par Odile Chauvin, jusqu\u2019au soir du 6 juin 2015.<\/span><\/span><\/span><\/p>\n<p><span style=\"font-size: 12pt\"><span style=\"color: #000000\"><span style=\"font-family: Arial,sans-serif\">A la rentr\u00e9e 2015 Jacky Rastoul, chef de plusieurs groupes musicaux dans notre r\u00e9gion: \u201cChorasane\u201d \u00e0 Asasp, \u201c Mendiz Mendi\u201d \u00e0 Tardets et \u201cGrain d\u2019Phonie\u201d \u00e0 Moumour, a repris la direction du choeur \u00ab Les Voix de la Bastide \u00bb. A nouveau, nous sommes conduits dans de belles manifestations musicales avec d\u2019autres chorales qui nous font voyager au travers de nombreuses cit\u00e9s b\u00e9arnaises !<br><\/span><\/span><\/span><\/p>\n<ul>\n<li>Le 28 Juillet 2016, nous avons chant\u00e9 avec \u00ab\u00a0I Muvrini et les 200 choristes\u00a0\u00bb<br>aux \u00ab\u00a0Transhumances Musicales de L\u00e0as\u00a0\u00bb.<\/li>\n<li>Le 05 ao\u00fbt 2017, nous avons accompagn\u00e9 \u00ab\u00a0Hugues Aufray\u00a0\u00bb<br>avec les 200 choristes toujours fid\u00e8les et enthousiastes, aux&nbsp; Transhumances Musicales de L\u00e0as.<\/li>\n<li>Le 7 septembre 2019 nous avons accomp\u00e2gn\u00e9 Hugues Auffray dans le village de Soreze, ou il a pass\u00e9 sa jeunesse,&nbsp; pour le concert de ses 90 ans.<\/li>\n<\/ul>\n<p><span style=\"font-family: arial,helvetica,sans-serif\"><span style=\"font-size: 14px\">&nbsp;<\/span><\/span><\/p>\n<\/div>\n<div>&nbsp;<\/div>\n<div style=\"text-align: center\"><span style=\"font-size: 12px\"><span style=\"font-family: arial;font-size: x-small\">&nbsp;<\/span><\/span><\/div>\n<\/div>\n<\/div>\n\n\n<figure class=\"wp-block-image\"><img loading=\"lazy\" decoding=\"async\" width=\"1024\" height=\"768\" src=\"http:\/\/bearndesgaves.fr\/voixdelabastidedenavarrenx\/files\/2019\/11\/Concert-Arbus-avec-les-voix-de-la-Bastide-51-Copier-1-1024x768.jpg\" alt=\"\" class=\"wp-image-1921\" srcset=\"http:\/\/bearndesgaves.fr\/voixdelabastidedenavarrenx\/files\/2019\/11\/Concert-Arbus-avec-les-voix-de-la-Bastide-51-Copier-1.jpg 1024w, http:\/\/bearndesgaves.fr\/voixdelabastidedenavarrenx\/files\/2019\/11\/Concert-Arbus-avec-les-voix-de-la-Bastide-51-Copier-1-300x225.jpg 300w, http:\/\/bearndesgaves.fr\/voixdelabastidedenavarrenx\/files\/2019\/11\/Concert-Arbus-avec-les-voix-de-la-Bastide-51-Copier-1-768x576.jpg 768w\" sizes=\"auto, (max-width: 1024px) 100vw, 1024px\" \/><\/figure>\n","protected":false},"excerpt":{"rendered":"<p>\u00ab\u00a0Les Voix de la Bastide de Navarrenx\u00a0\u00bbLieu de travail et de recherche sur la voix et de l&rsquo;harmonie des sons entre les personnes. Lieu de convivialit\u00e9 et de travail en commun ponctu\u00e9 de tr\u00e8s bons moments. Les r\u00e9p\u00e9titions: ont lieu &hellip; <a class=\"more-link\" href=\"http:\/\/bearndesgaves.fr\/voixdelabastidedenavarrenx\/\">Continue reading <span class=\"meta-nav\">&rarr;<\/span><\/a><\/p>\n","protected":false},"author":1,"featured_media":0,"parent":0,"menu_order":0,"comment_status":"closed","ping_status":"open","template":"","meta":{"ngg_post_thumbnail":0,"footnotes":""},"class_list":["post-454","page","type-page","status-publish","hentry"],"yoast_head":"<!-- This site is optimized with the Yoast SEO plugin v15.6.2 - https:\/\/yoast.com\/wordpress\/plugins\/seo\/ -->\n<title>Les &quot;Voix de la Bastide de Navarrenx&quot;.<\/title>\n<meta name=\"description\" content=\"Le Choeur St Germain de Navarrenx, maintenant Les Voix de la Bastide de Navarrenx, a \u00e9t\u00e9 sous la direction musicale de Maurice Sarrat durant trente ann\u00e9es.\" \/>\n<meta name=\"robots\" content=\"index, follow, max-snippet:-1, max-image-preview:large, max-video-preview:-1\" \/>\n<link rel=\"canonical\" href=\"http:\/\/bearndesgaves.fr\/voixdelabastidedenavarrenx\/\" \/>\n<meta property=\"og:locale\" content=\"fr_FR\" \/>\n<meta property=\"og:type\" content=\"article\" \/>\n<meta property=\"og:title\" content=\"Les &quot;Voix de la Bastide de Navarrenx&quot;.\" \/>\n<meta property=\"og:description\" content=\"Le Choeur St Germain de Navarrenx, maintenant Les Voix de la Bastide de Navarrenx, a \u00e9t\u00e9 sous la direction musicale de Maurice Sarrat durant trente ann\u00e9es.\" \/>\n<meta property=\"og:url\" content=\"http:\/\/bearndesgaves.fr\/voixdelabastidedenavarrenx\/\" \/>\n<meta property=\"og:site_name\" content=\"Voix de la Bastide de Navarrenx \u00e9dit\u00e9 par la CCCN chez 1&amp;1\" \/>\n<meta property=\"article:modified_time\" content=\"2021-11-09T15:52:20+00:00\" \/>\n<meta property=\"og:image\" content=\"http:\/\/bearndesgaves.fr\/voixdelabastidedenavarrenx\/files\/2019\/11\/Concert-Arbus-avec-les-voix-de-la-Bastide-51-Copier-1-1024x768.jpg\" \/>\n<meta name=\"twitter:label1\" content=\"Dur\u00e9e de lecture est.\">\n\t<meta name=\"twitter:data1\" content=\"2 minutes\">\n<script type=\"application\/ld+json\" class=\"yoast-schema-graph\">{\"@context\":\"https:\/\/schema.org\",\"@graph\":[{\"@type\":\"WebSite\",\"@id\":\"http:\/\/bearndesgaves.fr\/voixdelabastidedenavarrenx\/#website\",\"url\":\"http:\/\/bearndesgaves.fr\/voixdelabastidedenavarrenx\/\",\"name\":\"Voix de la Bastide de Navarrenx \\u00e9dit\\u00e9 par la CCCN chez 1&amp;1\",\"description\":\"\",\"potentialAction\":[{\"@type\":\"SearchAction\",\"target\":\"http:\/\/bearndesgaves.fr\/voixdelabastidedenavarrenx\/?s={search_term_string}\",\"query-input\":\"required name=search_term_string\"}],\"inLanguage\":\"fr-FR\"},{\"@type\":\"ImageObject\",\"@id\":\"http:\/\/bearndesgaves.fr\/voixdelabastidedenavarrenx\/#primaryimage\",\"inLanguage\":\"fr-FR\",\"url\":\"http:\/\/bearndesgaves.fr\/voixdelabastidedenavarrenx\/files\/2019\/11\/Concert-Arbus-avec-les-voix-de-la-Bastide-51-Copier-1.jpg\",\"width\":1024,\"height\":768},{\"@type\":\"WebPage\",\"@id\":\"http:\/\/bearndesgaves.fr\/voixdelabastidedenavarrenx\/#webpage\",\"url\":\"http:\/\/bearndesgaves.fr\/voixdelabastidedenavarrenx\/\",\"name\":\"Les \\\"Voix de la Bastide de Navarrenx\\\".\",\"isPartOf\":{\"@id\":\"http:\/\/bearndesgaves.fr\/voixdelabastidedenavarrenx\/#website\"},\"primaryImageOfPage\":{\"@id\":\"http:\/\/bearndesgaves.fr\/voixdelabastidedenavarrenx\/#primaryimage\"},\"datePublished\":\"2011-11-12T11:01:54+00:00\",\"dateModified\":\"2021-11-09T15:52:20+00:00\",\"description\":\"Le Choeur St Germain de Navarrenx, maintenant Les Voix de la Bastide de Navarrenx, a \\u00e9t\\u00e9 sous la direction musicale de Maurice Sarrat durant trente ann\\u00e9es.\",\"inLanguage\":\"fr-FR\",\"potentialAction\":[{\"@type\":\"ReadAction\",\"target\":[\"http:\/\/bearndesgaves.fr\/voixdelabastidedenavarrenx\/\"]}]}]}<\/script>\n<!-- \/ Yoast SEO plugin. -->","_links":{"self":[{"href":"http:\/\/bearndesgaves.fr\/voixdelabastidedenavarrenx\/wp-json\/wp\/v2\/pages\/454","targetHints":{"allow":["GET"]}}],"collection":[{"href":"http:\/\/bearndesgaves.fr\/voixdelabastidedenavarrenx\/wp-json\/wp\/v2\/pages"}],"about":[{"href":"http:\/\/bearndesgaves.fr\/voixdelabastidedenavarrenx\/wp-json\/wp\/v2\/types\/page"}],"author":[{"embeddable":true,"href":"http:\/\/bearndesgaves.fr\/voixdelabastidedenavarrenx\/wp-json\/wp\/v2\/users\/1"}],"replies":[{"embeddable":true,"href":"http:\/\/bearndesgaves.fr\/voixdelabastidedenavarrenx\/wp-json\/wp\/v2\/comments?post=454"}],"version-history":[{"count":37,"href":"http:\/\/bearndesgaves.fr\/voixdelabastidedenavarrenx\/wp-json\/wp\/v2\/pages\/454\/revisions"}],"predecessor-version":[{"id":1972,"href":"http:\/\/bearndesgaves.fr\/voixdelabastidedenavarrenx\/wp-json\/wp\/v2\/pages\/454\/revisions\/1972"}],"wp:attachment":[{"href":"http:\/\/bearndesgaves.fr\/voixdelabastidedenavarrenx\/wp-json\/wp\/v2\/media?parent=454"}],"curies":[{"name":"wp","href":"https:\/\/api.w.org\/{rel}","templated":true}]}}